oes 5 divide 8950158?
False
Does 12 divide 8344172?
False
Is 101 a factor of 859712?
True
Does 1165 divide 238065420?
True
Is 6669000 a multiple of 247?
True
Is 60640879 a multiple of 559?
True
Does 25 divide 378374454?
False
Is 1540 a factor of 714695520?
True
Does 29 divide 281577530?
True
Is 110 a factor of 7995982?
False
Is 302 a factor of 28392228?
True
Does 1619 divide 28517258?
False
Is 268195026 a multiple of 1583?
True
Does 33 divide 1550203215?
True
Does 130 divide 23663640?
True
Is 18 a factor of 41157925?
False
Is 8 a factor of 5636952?
True
Is 17 a factor of 1000637?
True
Does 2283 divide 21069807?
True
Does 12 divide 2642496?
True
Does 19 divide 4476197042?
True
Is 54028944 a multiple of 12?
True
Does 26 divide 517191?
False
Is 23 a factor of 10132696?
True
Is 4867 a factor of 764494476?
False
Is 38682441 a multiple of 1701?
True
Does 17 divide 32744360?
False
Is 377 a factor of 80002105?
False
Does 50 divide 83518965?
False
Does 2477 divide 365627493?
True
Is 37756641 a multiple of 48?
False
Is 67 a factor of 22804187?
True
Is 838 a factor of 1451523264?
True
Does 106 divide 188588859?
False
Is 78955162 a multiple of 13?
True
Is 908977798 a multiple of 128?
False
Is 172403081 a multiple of 2089?
True
Is 145 a factor of 19059401?
False
Is 9 a factor of 1545264?
True
Is 18112930 a multiple of 17?
False
Is 184755318 a multiple of 1065?
False
Is 160 a factor of 42990224?
False
Is 7 a factor of 27376538?
True
Is 1735675310 a multiple of 22?
False
Is 82 a factor of 82870896?
False
Does 5453 divide 1213757604?
False
Is 278077751 a multiple of 3?
False
Is 33892083 a multiple of 846?
False
Does 2484 divide 251490096?
True
Does 7 divide 19189826?
False
Does 184 divide 1551114?
False
Is 25168446 a multiple of 2?
True
Is 304666231 a multiple of 65?
False
Is 34 a factor of 8828236?
True
Is 506711341 a multiple of 5?
False
Does 621 divide 141366303?
True
Is 221926176 a multiple of 3882?
True
Is 135648931 a multiple of 9?
False
Is 16527276 a multiple of 9?
True
Does 12 divide 53053016?
False
Is 1433 a factor of 1147833?
True
Does 259 divide 100690054?
False
Is 104172145 a multiple of 385?
True
Does 8 divide 102464809?
False
Is 1050 a factor of 51975000?
True
Does 19 divide 79070886?
False
Is 31855839 a multiple of 293?
True
Does 24 divide 831846914?
False
Does 49 divide 85621767?
True
Is 13 a factor of 163341524?
False
Does 7 divide 7297080?
True
Is 1866 a factor of 600543519?
False
Is 16 a factor of 16412449?
False
Does 6622 divide 2532268914?
False
Does 16 divide 386599104?
True
Does 194 divide 292278248?
False
Is 5045727 a multiple of 4594?
False
Is 304935554 a multiple of 86?
False
Is 438545995 a multiple of 7?
False
Is 72187984 a multiple of 3?
False
Does 14 divide 986330464?
True
Is 2342471197 a multiple of 1619?
True
Is 186 a factor of 23185830?
True
Is 323830826 a multiple of 11?
True
Does 205 divide 115221850?
False
Is 41 a factor of 154101862?
True
Is 31257914 a multiple of 191?
True
Is 2292195877 a multiple of 18?
False
Is 147 a factor of 1739802914?
False
Is 53 a factor of 75704?
False
Does 12 divide 5092992257?
False
Is 660445265 a multiple of 7448?
False
Does 483 divide 368559137?
False
Is 30077562 a multiple of 594?
False
Is 96 a factor of 44847552?
True
Is 58537374 a multiple of 26?
False
Is 814953096 a multiple of 1525?
False
Does 32 divide 89711360?
True
Is 43 a factor of 24532317?
True
Does 570 divide 828258800?
False
Is 437 a factor of 35125750?
False
Is 6 a factor of 94853640?
True
Is 4157789 a multiple of 2?
False
Is 25 a factor of 11055475?
True
Does 171 divide 159777783?
True
Is 113459390 a multiple of 407?
True
Is 23657942 a multiple of 24?
False
Is 59299477 a multiple of 2477?
False
Is 149812955 a multiple of 5?
True
Does 82 divide 178693990?
True
Does 2548 divide 100422471?
False
Does 1474 divide 176657132?
False
Does 41 divide 3835690?
False
Is 197732693 a multiple of 28?
False
Does 13 divide 2691988?
True
Does 7877 divide 212363920?
True
Is 45980118 a multiple of 155?
False
Is 13 a factor of 3753775820?
False
Is 338 a factor of 4689350?
False
Does 314 divide 28932588?
True
Is 702082489 a multiple of 3520?
False
Does 77 divide 552940548?
False
Is 419 a factor of 1249145845?
True
Is 334083880 a multiple of 20?
True
Is 213630768 a multiple of 4926?
True
Is 5156 a factor of 727608063?
False
Is 2755 a factor of 46036050?
True
Is 28556241 a multiple of 512?
False
Is 157 a factor of 646908153?
False
Is 140400937 a multiple of 31?
False
Does 37 divide 321772918?
False
Does 5279 divide 90947917?
False
Is 327 a factor of 315260029?
False
Is 1172 a factor of 72247940?
True
Does 40 divide 97618960?
True
Does 4 divide 595920860?
True
Does 243 divide 4303530?
True
Is 24986566 a multiple of 11?
True
Does 6 divide 811747650?
True
Does 6316 divide 1744491832?
True
Is 4710909 a multiple of 7?
True
Is 13 a factor of 618336266?
False
Is 65828832 a multiple of 4?
True
Is 19444908 a multiple of 90?
False
Is 21 a factor of 1795766601?
False
Is 282 a factor of 1857225492?
True
Does 32 divide 83834496?
True
Is 9 a factor of 41432268?
False
Does 89 divide 102027731?
True
Does 46 divide 6665202?
False
Is 3086735 a multiple of 2?
False
Is 2710468401 a multiple of 3464?
False
Is 109 a factor of 2271572208?
True
Is 50108256 a multiple of 528?
True
Does 109 divide 38243958?
True
Is 55165472 a multiple of 61?
True
Is 29631767 a multiple of 5?
False
Does 2644 divide 595209348?
True
Does 1578 divide 39173850?
True
Is 67 a factor of 135275077?
True
Is 29 a factor of 478620350?
True
Is 30925588 a multiple of 117?
False
Is 156319878 a multiple of 460?
False
Does 28 divide 216081908?
True
Is 137450560 a multiple of 37?
True
Does 7 divide 57428910?
True
Is 3 a factor of 41723091?
True
Does 41 divide 89985242?
True
Is 15 a factor of 63999484?
False
Is 220268230 a multiple of 151?
True
Does 22 divide 671010817?
False
Is 7 a factor of 5337607?
False
Does 15 divide 5277386?
False
Is 21 a factor of 844319112?
True
Is 208978109 a multiple of 2935?
False
Does 33 divide 15154631?
False
Does 110 divide 69568510?
True
Is 3245 a factor of 568880474?
False
Is 49628929 a multiple of 61?
True
Is 35429575 a multiple of 25?
True
Is 216 a factor of 68065301?
False
Is 61791782 a multiple of 240?
False
Does 3 divide 3840681?
True
Is 31 a factor of 3490259651?
True
Is 81 a factor of 16387677?
True
Is 3015452 a multiple of 836?
True
Is 586035013 a multiple of 32?
False
Does 735 divide 62071193?
False
Does 6 divide 4223949?
False
Is 11085888 a multiple of 87?
True
Is 206 a factor of 41002787?
False
Is 127377060 a multiple of 1877?
False
Does 166 divide 19533552?
True
Does 137 divide 33418410?
True
Is 593181390 a multiple of 62?
False
Is 57098304 a multiple of 519?
True
Is 271 a factor of 132314666?
True
Does 3705 divide 3133541271?
False
Is 108031781 a multiple of 6458?
False
Is 950620 a multiple of 29?
True
Is 121 a factor of 283587248?
False
Is 9 a factor of 79247565?
True
Does 3003 divide 11830883?
False
Does 8 divide 403288348?
False
Is 68635674 a multiple of 31?
True
Is 352 a factor of 7527520?
True
Is 22 a factor of 237566120?
True
Is 1419 a factor of 24869394?
True
Is 6 a factor of 58384824?
True
Is 100 a factor of 37031600?
True
Is 11 a factor of 36681942?
True
Is 34 a factor of 2124491873?
False
Is 54 a factor of 1369481110?
False
Does 395 divide 316895860?
True
Is 11 a factor of 107322336?
True
Is 6722231884 a multiple of 5119?
False
Is 1474473429 a multiple of 58?
False
Does 1421 divide 217994189?
True
Does 86 divide 20716540?
True
Does 33 divide 114041744?
False
Is 35 a factor of 307933239?
False
Does 3 divide 227962668?
True
Is 68806320 a multiple of 120?
True
Is 51695225 a multiple of 25?
True
Is 10222576 a multiple of 221?
True
Does 1387 divide 33185362?
True
Is 218263408 a multiple of 422?
False
Is 2366 a factor of 64505507?
False
Is 1214674 a multiple of 161?
False
Does 40 divide 70462864?
False
Does 14 divide 21449190?
True
Is 66 a factor of 1921950?
False
Is 103 a factor of 16484502?
False
Does 341 divide 48472809?
True
Is 40 a factor of 69613017?
False
Does 189 divide 49141596?
False
Does 2449 divide 2061063706?
True
Does 219 divide 7794819?
False
Is 2753 a factor of 1526921167?
True
Does 1247 divide 1165310297?
False
Does 10 divide 2462282290?
True
